{"id":932,"date":"2012-12-10T14:02:41","date_gmt":"2012-12-10T13:02:41","guid":{"rendered":"http:\/\/intarbutt.info\/lorinoko\/?page_id=932"},"modified":"2014-05-21T19:09:10","modified_gmt":"2014-05-21T18:09:10","slug":"dryas-nyx-hikari-cuffs","status":"publish","type":"page","link":"http:\/\/lorinoko.com\/?page_id=932","title":{"rendered":"Dryas Nyx: Hikari &#8211; Cuffs"},"content":{"rendered":"<p style=\"text-align: justify;\">Bohato zdoben\u00e9 n\u00e1ramky zo \u0161irokej bavlenej \u010dipky a madeiry lemovanej nebeskou modrou s\u00fa vhodn\u00fdm doplnkom k svetlej verzii kolekcie Dryas Nyx. Dvojit\u00fd rad baby blue stu\u017eky a ru\u010dne u\u0161itej kvetinovej aplik\u00e1cie dotv\u00e1ra jeho nevinn\u00fa elegantn\u00fa podobu.<br \/>\n<strong>Materi\u00e1l:<\/strong> bavlnen\u00e1 \u010dipka, bavlnen\u00e1 madeira, sat\u00e9nov\u00e9 stu\u017eky<br \/>\n<strong>Obvod z\u00e1p\u00e4stia:<\/strong> 26cm<\/p>\n<p style=\"text-align: justify;\"><div class=\"slideshow\"><div id=\"ngg_slideshow489321\" class=\"ngg-slideshow owl-carousel\" style=\"max-width: 600px; max-height: 400px;\"><img decoding=\"async\" src=\"http:\/\/lorinoko.com\/wp-content\/gallery\/dryas-nyx-hikari-cuffs-collection\/001_dscn6954.jpg\" alt=\"001_dscn6954\" style=\"max-width: 600px; max-height: 400px; width: auto; height:auto; margin:auto\"><img decoding=\"async\" src=\"http:\/\/lorinoko.com\/wp-content\/gallery\/dryas-nyx-hikari-cuffs-collection\/002_dscn6956.jpg\" alt=\"002_dscn6956\" style=\"max-width: 600px; max-height: 400px; width: auto; height:auto; margin:auto\"><img decoding=\"async\" src=\"http:\/\/lorinoko.com\/wp-content\/gallery\/dryas-nyx-hikari-cuffs-collection\/003_dscn6963.jpg\" alt=\"003_dscn6963\" style=\"max-width: 600px; max-height: 400px; width: auto; height:auto; margin:auto\"><img decoding=\"async\" src=\"http:\/\/lorinoko.com\/wp-content\/gallery\/dryas-nyx-hikari-cuffs-collection\/004_dscn6955.jpg\" alt=\"004_dscn6955\" style=\"max-width: 600px; max-height: 400px; width: auto; height:auto; margin:auto\"><img decoding=\"async\" src=\"http:\/\/lorinoko.com\/wp-content\/gallery\/dryas-nyx-hikari-cuffs-collection\/005_dscn6959.jpg\" alt=\"005_dscn6959\" style=\"max-width: 600px; max-height: 400px; width: auto; height:auto; margin:auto\"><img decoding=\"async\" src=\"http:\/\/lorinoko.com\/wp-content\/gallery\/dryas-nyx-hikari-cuffs-collection\/006_dscn6964.jpg\" alt=\"006_dscn6964\" style=\"max-width: 600px; max-height: 400px; width: auto; height:auto; margin:auto\"><img decoding=\"async\" src=\"http:\/\/lorinoko.com\/wp-content\/gallery\/dryas-nyx-hikari-cuffs-collection\/007_dscn6957.jpg\" alt=\"007_dscn6957\" style=\"max-width: 600px; max-height: 400px; width: auto; height:auto; margin:auto\"><\/div><\/div>\n\n<script type=\"text\/javascript\">jQuery(document).ready(function($) {\r\n\t\t\tvar owl = $('#ngg_slideshow489321');\r\n\t\t\towl.owlCarousel({\r\n\t\t\t\titems: 1,\r\n\t\t\t\tautoHeight: false,\r\n\t            dots: false,\r\n\t            autoplay: true,\r\n\t\t\t\tautoplayTimeout: 4000,\r\n\t\t\t\tautoplayHoverPause: true,\r\n\t\t\t\tanimateIn: 'fadeIn',\r\n\t\t\t\tanimateOut: 'fadeOut',\r\n\t\t\t\tloop: true,\r\n\t\t\t\tmouseDrag: true,\r\n\t\t\t\ttouchDrag: true\r\n\t\t\t});\nowl.click( function () {\r\n                    owl.trigger( 'next.owl.carousel' );\r\n                } );});\n<\/script><\/p>\n","protected":false},"excerpt":{"rendered":"<p>Bohato zdoben\u00e9 n\u00e1ramky zo \u0161irokej bavlenej \u010dipky a madeiry lemovanej nebeskou modrou s\u00fa vhodn\u00fdm doplnkom k svetlej verzii kolekcie Dryas Nyx. Dvojit\u00fd rad baby blue stu\u017eky a ru\u010dne u\u0161itej kvetinovej aplik\u00e1cie dotv\u00e1ra jeho nevinn\u00fa elegantn\u00fa podobu. Materi\u00e1l: bavlnen\u00e1 \u010dipka, bavlnen\u00e1 &hellip; <a href=\"http:\/\/lorinoko.com\/?page_id=932\">Continue reading <span class=\"meta-nav\">&rarr;<\/span><\/a><\/p>\n","protected":false},"author":1,"featured_media":0,"parent":1758,"menu_order":0,"comment_status":"open","ping_status":"closed","template":"","meta":{"_monsterinsights_skip_tracking":false,"_monsterinsights_sitenote_active":false,"_monsterinsights_sitenote_note":"","_monsterinsights_sitenote_category":0,"footnotes":""},"class_list":["post-932","page","type-page","status-publish","hentry"],"_links":{"self":[{"href":"http:\/\/lorinoko.com\/index.php?rest_route=\/wp\/v2\/pages\/932","targetHints":{"allow":["GET"]}}],"collection":[{"href":"http:\/\/lorinoko.com\/index.php?rest_route=\/wp\/v2\/pages"}],"about":[{"href":"http:\/\/lorinoko.com\/index.php?rest_route=\/wp\/v2\/types\/page"}],"author":[{"embeddable":true,"href":"http:\/\/lorinoko.com\/index.php?rest_route=\/wp\/v2\/users\/1"}],"replies":[{"embeddable":true,"href":"http:\/\/lorinoko.com\/index.php?rest_route=%2Fwp%2Fv2%2Fcomments&post=932"}],"version-history":[{"count":9,"href":"http:\/\/lorinoko.com\/index.php?rest_route=\/wp\/v2\/pages\/932\/revisions"}],"predecessor-version":[{"id":3459,"href":"http:\/\/lorinoko.com\/index.php?rest_route=\/wp\/v2\/pages\/932\/revisions\/3459"}],"up":[{"embeddable":true,"href":"http:\/\/lorinoko.com\/index.php?rest_route=\/wp\/v2\/pages\/1758"}],"wp:attachment":[{"href":"http:\/\/lorinoko.com\/index.php?rest_route=%2Fwp%2Fv2%2Fmedia&parent=932"}],"curies":[{"name":"wp","href":"https:\/\/api.w.org\/{rel}","templated":true}]}}