{"id":4275,"date":"2015-12-19T00:34:52","date_gmt":"2015-12-18T23:34:52","guid":{"rendered":"http:\/\/lorinoko.com\/?page_id=4275"},"modified":"2015-12-19T00:36:18","modified_gmt":"2015-12-18T23:36:18","slug":"black-crystal-clip","status":"publish","type":"page","link":"http:\/\/lorinoko.com\/?page_id=4275","title":{"rendered":"Black Crystal Clip"},"content":{"rendered":"<p style=\"text-align: justify;\">\u010cierna ma\u0161li\u010dka do vlasov so zamatovou stu\u017ekou a ozdobou v tvare \u010diern\u00e9ho kri\u0161t\u00e1lu. Zap\u00ednanie je rie\u0161en\u00e9 \u010diernym \u0161tipcom na spodnej strane.<\/p>\n<div class=\"slideshow\"><div id=\"ngg_slideshow23642751\" class=\"ngg-slideshow owl-carousel\" style=\"max-width: 600px; max-height: 400px;\"><img decoding=\"async\" src=\"http:\/\/lorinoko.com\/wp-content\/gallery\/black-crystal-clip\/p1050010.jpg\" alt=\"p1050010\" style=\"max-width: 600px; max-height: 400px; width: auto; height:auto; margin:auto\"><img decoding=\"async\" src=\"http:\/\/lorinoko.com\/wp-content\/gallery\/black-crystal-clip\/p1050011.jpg\" alt=\"p1050011\" style=\"max-width: 600px; max-height: 400px; width: auto; height:auto; margin:auto\"><img decoding=\"async\" src=\"http:\/\/lorinoko.com\/wp-content\/gallery\/black-crystal-clip\/p1050013.jpg\" alt=\"p1050013\" style=\"max-width: 600px; max-height: 400px; width: auto; height:auto; margin:auto\"><img decoding=\"async\" src=\"http:\/\/lorinoko.com\/wp-content\/gallery\/black-crystal-clip\/p1050015.jpg\" alt=\"p1050015\" style=\"max-width: 600px; max-height: 400px; width: auto; height:auto; margin:auto\"><img decoding=\"async\" src=\"http:\/\/lorinoko.com\/wp-content\/gallery\/black-crystal-clip\/p1050038.jpg\" alt=\"p1050038\" style=\"max-width: 600px; max-height: 400px; width: auto; height:auto; margin:auto\"><\/div><\/div>\n\n<script type=\"text\/javascript\">jQuery(document).ready(function($) {\r\n\t\t\tvar owl = $('#ngg_slideshow23642751');\r\n\t\t\towl.owlCarousel({\r\n\t\t\t\titems: 1,\r\n\t\t\t\tautoHeight: false,\r\n\t            dots: false,\r\n\t            autoplay: true,\r\n\t\t\t\tautoplayTimeout: 4000,\r\n\t\t\t\tautoplayHoverPause: true,\r\n\t\t\t\tanimateIn: 'fadeIn',\r\n\t\t\t\tanimateOut: 'fadeOut',\r\n\t\t\t\tloop: true,\r\n\t\t\t\tmouseDrag: true,\r\n\t\t\t\ttouchDrag: true\r\n\t\t\t});\nowl.click( function () {\r\n                    owl.trigger( 'next.owl.carousel' );\r\n                } );});\n<\/script>\n","protected":false},"excerpt":{"rendered":"<p>\u010cierna ma\u0161li\u010dka do vlasov so zamatovou stu\u017ekou a ozdobou v tvare \u010diern\u00e9ho kri\u0161t\u00e1lu. Zap\u00ednanie je rie\u0161en\u00e9 \u010diernym \u0161tipcom na spodnej strane.<\/p>\n","protected":false},"author":1,"featured_media":0,"parent":4134,"menu_order":0,"comment_status":"closed","ping_status":"closed","template":"","meta":{"_monsterinsights_skip_tracking":false,"_monsterinsights_sitenote_active":false,"_monsterinsights_sitenote_note":"","_monsterinsights_sitenote_category":0,"footnotes":""},"class_list":["post-4275","page","type-page","status-publish","hentry"],"_links":{"self":[{"href":"http:\/\/lorinoko.com\/index.php?rest_route=\/wp\/v2\/pages\/4275","targetHints":{"allow":["GET"]}}],"collection":[{"href":"http:\/\/lorinoko.com\/index.php?rest_route=\/wp\/v2\/pages"}],"about":[{"href":"http:\/\/lorinoko.com\/index.php?rest_route=\/wp\/v2\/types\/page"}],"author":[{"embeddable":true,"href":"http:\/\/lorinoko.com\/index.php?rest_route=\/wp\/v2\/users\/1"}],"replies":[{"embeddable":true,"href":"http:\/\/lorinoko.com\/index.php?rest_route=%2Fwp%2Fv2%2Fcomments&post=4275"}],"version-history":[{"count":2,"href":"http:\/\/lorinoko.com\/index.php?rest_route=\/wp\/v2\/pages\/4275\/revisions"}],"predecessor-version":[{"id":4280,"href":"http:\/\/lorinoko.com\/index.php?rest_route=\/wp\/v2\/pages\/4275\/revisions\/4280"}],"up":[{"embeddable":true,"href":"http:\/\/lorinoko.com\/index.php?rest_route=\/wp\/v2\/pages\/4134"}],"wp:attachment":[{"href":"http:\/\/lorinoko.com\/index.php?rest_route=%2Fwp%2Fv2%2Fmedia&parent=4275"}],"curies":[{"name":"wp","href":"https:\/\/api.w.org\/{rel}","templated":true}]}}