{"id":4249,"date":"2015-07-09T14:59:00","date_gmt":"2015-07-09T13:59:00","guid":{"rendered":"http:\/\/lorinoko.com\/?page_id=4249"},"modified":"2015-07-09T15:23:00","modified_gmt":"2015-07-09T14:23:00","slug":"nyx-hortusia","status":"publish","type":"page","link":"http:\/\/lorinoko.com\/?page_id=4249","title":{"rendered":"Nyx Hortusia"},"content":{"rendered":"<p style=\"text-align: justify;\">Suk\u0148a Nyx Hortusia svojou potla\u010dou predstavuje zoskupenie drobn\u00fdch v\u00edl spl\u00fdvaj\u00facich s rozkvitnutou fl\u00f3rou pod \u017eiarou no\u010dnej oblohy. Tmavofialov\u00e1 skladan\u00e1 potla\u010d v dotv\u00e1ra \u010diernou \u010dipkou zdoben\u00fd doln\u00fd kraj, rovnako aj viazanie na ma\u0161\u013eu v zadnej p\u00e1sovej \u010dasti. S\u00fa\u010das\u0165ou modelu s\u00fa aj dve drobn\u00e9 zap\u00ednacie ma\u0161li\u010dky. T\u00e1to kombin\u00e1cia s tmavo laden\u00fdmi doplnkami dokazuje, \u017ee aj roztomil\u00e9 mot\u00edvy sa \u010dierne laden\u00e9mu zov\u0148aj\u0161ku n\u00e1ramne hodia.<br \/>\n<strong>Materi\u00e1l:<\/strong> bavlna, \u010dipka bavlna a polyester, tyl<br \/>\n<strong>D\u013a\u017eka sukne:<\/strong> 58 cm<br \/>\n<strong>Obvod p\u00e1su:<\/strong> 65-85 cm<\/p>\n<p style=\"text-align: justify;\"><div class=\"slideshow\"><div id=\"ngg_slideshow23442491\" class=\"ngg-slideshow owl-carousel\" style=\"max-width: 600px; max-height: 400px;\"><img decoding=\"async\" src=\"http:\/\/lorinoko.com\/wp-content\/gallery\/nyx-hortusia\/p1040520.jpg\" alt=\"p1040520\" style=\"max-width: 600px; max-height: 400px; width: auto; height:auto; margin:auto\"><img decoding=\"async\" src=\"http:\/\/lorinoko.com\/wp-content\/gallery\/nyx-hortusia\/p1040522.jpg\" alt=\"p1040522\" style=\"max-width: 600px; max-height: 400px; width: auto; height:auto; margin:auto\"><img decoding=\"async\" src=\"http:\/\/lorinoko.com\/wp-content\/gallery\/nyx-hortusia\/p1040523.jpg\" alt=\"p1040523\" style=\"max-width: 600px; max-height: 400px; width: auto; height:auto; margin:auto\"><img decoding=\"async\" src=\"http:\/\/lorinoko.com\/wp-content\/gallery\/nyx-hortusia\/p1040524.jpg\" alt=\"p1040524\" style=\"max-width: 600px; max-height: 400px; width: auto; height:auto; margin:auto\"><img decoding=\"async\" src=\"http:\/\/lorinoko.com\/wp-content\/gallery\/nyx-hortusia\/p1040526.jpg\" alt=\"p1040526\" style=\"max-width: 600px; max-height: 400px; width: auto; height:auto; margin:auto\"><img decoding=\"async\" src=\"http:\/\/lorinoko.com\/wp-content\/gallery\/nyx-hortusia\/p1040527.jpg\" alt=\"p1040527\" style=\"max-width: 600px; max-height: 400px; width: auto; height:auto; margin:auto\"><img decoding=\"async\" src=\"http:\/\/lorinoko.com\/wp-content\/gallery\/nyx-hortusia\/p1040532.jpg\" alt=\"p1040532\" style=\"max-width: 600px; max-height: 400px; width: auto; height:auto; margin:auto\"><\/div><\/div>\n\n<script type=\"text\/javascript\">jQuery(document).ready(function($) {\r\n\t\t\tvar owl = $('#ngg_slideshow23442491');\r\n\t\t\towl.owlCarousel({\r\n\t\t\t\titems: 1,\r\n\t\t\t\tautoHeight: false,\r\n\t            dots: false,\r\n\t            autoplay: true,\r\n\t\t\t\tautoplayTimeout: 4000,\r\n\t\t\t\tautoplayHoverPause: true,\r\n\t\t\t\tanimateIn: 'fadeIn',\r\n\t\t\t\tanimateOut: 'fadeOut',\r\n\t\t\t\tloop: true,\r\n\t\t\t\tmouseDrag: true,\r\n\t\t\t\ttouchDrag: true\r\n\t\t\t});\nowl.click( function () {\r\n                    owl.trigger( 'next.owl.carousel' );\r\n                } );});\n<\/script><\/p>\n","protected":false},"excerpt":{"rendered":"<p>Suk\u0148a Nyx Hortusia svojou potla\u010dou predstavuje zoskupenie drobn\u00fdch v\u00edl spl\u00fdvaj\u00facich s rozkvitnutou fl\u00f3rou pod \u017eiarou no\u010dnej oblohy. Tmavofialov\u00e1 skladan\u00e1 potla\u010d v dotv\u00e1ra \u010diernou \u010dipkou zdoben\u00fd doln\u00fd kraj, rovnako aj viazanie na ma\u0161\u013eu v zadnej p\u00e1sovej \u010dasti. S\u00fa\u010das\u0165ou modelu s\u00fa aj &hellip; <a href=\"http:\/\/lorinoko.com\/?page_id=4249\">Continue reading <span class=\"meta-nav\">&rarr;<\/span><\/a><\/p>\n","protected":false},"author":1,"featured_media":0,"parent":78,"menu_order":0,"comment_status":"open","ping_status":"closed","template":"","meta":{"_monsterinsights_skip_tracking":false,"_monsterinsights_sitenote_active":false,"_monsterinsights_sitenote_note":"","_monsterinsights_sitenote_category":0,"footnotes":""},"class_list":["post-4249","page","type-page","status-publish","hentry"],"_links":{"self":[{"href":"http:\/\/lorinoko.com\/index.php?rest_route=\/wp\/v2\/pages\/4249","targetHints":{"allow":["GET"]}}],"collection":[{"href":"http:\/\/lorinoko.com\/index.php?rest_route=\/wp\/v2\/pages"}],"about":[{"href":"http:\/\/lorinoko.com\/index.php?rest_route=\/wp\/v2\/types\/page"}],"author":[{"embeddable":true,"href":"http:\/\/lorinoko.com\/index.php?rest_route=\/wp\/v2\/users\/1"}],"replies":[{"embeddable":true,"href":"http:\/\/lorinoko.com\/index.php?rest_route=%2Fwp%2Fv2%2Fcomments&post=4249"}],"version-history":[{"count":3,"href":"http:\/\/lorinoko.com\/index.php?rest_route=\/wp\/v2\/pages\/4249\/revisions"}],"predecessor-version":[{"id":4260,"href":"http:\/\/lorinoko.com\/index.php?rest_route=\/wp\/v2\/pages\/4249\/revisions\/4260"}],"up":[{"embeddable":true,"href":"http:\/\/lorinoko.com\/index.php?rest_route=\/wp\/v2\/pages\/78"}],"wp:attachment":[{"href":"http:\/\/lorinoko.com\/index.php?rest_route=%2Fwp%2Fv2%2Fmedia&parent=4249"}],"curies":[{"name":"wp","href":"https:\/\/api.w.org\/{rel}","templated":true}]}}