{"id":4009,"date":"2015-01-28T16:42:52","date_gmt":"2015-01-28T15:42:52","guid":{"rendered":"http:\/\/lorinoko.com\/?page_id=4009"},"modified":"2015-01-28T16:42:52","modified_gmt":"2015-01-28T15:42:52","slug":"ornamentic-black-headband-i","status":"publish","type":"page","link":"http:\/\/lorinoko.com\/?page_id=4009","title":{"rendered":"Ornamentic Black Headband I"},"content":{"rendered":"<p style=\"text-align: justify;\">Men\u0161ia jednoduch\u00e1 ma\u0161\u013ea z \u010diernej bavlny. Vynik\u00e1 v\u0161ak zdoben\u00edm \u0161irokou tmavomodrou stuhou s kr\u00e1snym tla\u010den\u00fdm vzorom kvet\u00edn a ornamentov v jemne fialovom odtieni, ktorej kraje s\u00fa pod\u0161it\u00e9 tenkou \u010diernou \u010dipkou. Celistvos\u0165 v\u00fdrobku uzatv\u00e1ra u\u017e\u0161ia verzia stu\u017eky, ktor\u00e1 je lepen\u00e1 po vonkaj\u0161om obvode plastovej \u010delenky.<\/p>\n<div class=\"slideshow\"><div id=\"ngg_slideshow19540091\" class=\"ngg-slideshow owl-carousel\" style=\"max-width: 600px; max-height: 400px;\"><img decoding=\"async\" src=\"http:\/\/lorinoko.com\/wp-content\/gallery\/ornamentic-black-headband-i\/001_p1030431.jpg\" alt=\"001_p1030431\" style=\"max-width: 600px; max-height: 400px; width: auto; height:auto; margin:auto\"><img decoding=\"async\" src=\"http:\/\/lorinoko.com\/wp-content\/gallery\/ornamentic-black-headband-i\/002_p1030427.jpg\" alt=\"002_p1030427\" style=\"max-width: 600px; max-height: 400px; width: auto; height:auto; margin:auto\"><img decoding=\"async\" src=\"http:\/\/lorinoko.com\/wp-content\/gallery\/ornamentic-black-headband-i\/003_p1030429.jpg\" alt=\"003_p1030429\" style=\"max-width: 600px; max-height: 400px; width: auto; height:auto; margin:auto\"><img decoding=\"async\" src=\"http:\/\/lorinoko.com\/wp-content\/gallery\/ornamentic-black-headband-i\/004_p1030433.jpg\" alt=\"004_p1030433\" style=\"max-width: 600px; max-height: 400px; width: auto; height:auto; margin:auto\"><img decoding=\"async\" src=\"http:\/\/lorinoko.com\/wp-content\/gallery\/ornamentic-black-headband-i\/005_p1030440.jpg\" alt=\"005_p1030440\" style=\"max-width: 600px; max-height: 400px; width: auto; height:auto; margin:auto\"><img decoding=\"async\" src=\"http:\/\/lorinoko.com\/wp-content\/gallery\/ornamentic-black-headband-i\/006_p1030430.jpg\" alt=\"006_p1030430\" style=\"max-width: 600px; max-height: 400px; width: auto; height:auto; margin:auto\"><img decoding=\"async\" src=\"http:\/\/lorinoko.com\/wp-content\/gallery\/ornamentic-black-headband-i\/007_p1030435.jpg\" alt=\"007_p1030435\" style=\"max-width: 600px; max-height: 400px; width: auto; height:auto; margin:auto\"><\/div><\/div>\n\n<script type=\"text\/javascript\">jQuery(document).ready(function($) {\r\n\t\t\tvar owl = $('#ngg_slideshow19540091');\r\n\t\t\towl.owlCarousel({\r\n\t\t\t\titems: 1,\r\n\t\t\t\tautoHeight: false,\r\n\t            dots: false,\r\n\t            autoplay: true,\r\n\t\t\t\tautoplayTimeout: 4000,\r\n\t\t\t\tautoplayHoverPause: true,\r\n\t\t\t\tanimateIn: 'fadeIn',\r\n\t\t\t\tanimateOut: 'fadeOut',\r\n\t\t\t\tloop: true,\r\n\t\t\t\tmouseDrag: true,\r\n\t\t\t\ttouchDrag: true\r\n\t\t\t});\nowl.click( function () {\r\n                    owl.trigger( 'next.owl.carousel' );\r\n                } );});\n<\/script>\n","protected":false},"excerpt":{"rendered":"<p>Men\u0161ia jednoduch\u00e1 ma\u0161\u013ea z \u010diernej bavlny. Vynik\u00e1 v\u0161ak zdoben\u00edm \u0161irokou tmavomodrou stuhou s kr\u00e1snym tla\u010den\u00fdm vzorom kvet\u00edn a ornamentov v jemne fialovom odtieni, ktorej kraje s\u00fa pod\u0161it\u00e9 tenkou \u010diernou \u010dipkou. Celistvos\u0165 v\u00fdrobku uzatv\u00e1ra u\u017e\u0161ia verzia stu\u017eky, ktor\u00e1 je lepen\u00e1 po &hellip; <a href=\"http:\/\/lorinoko.com\/?page_id=4009\">Continue reading <span class=\"meta-nav\">&rarr;<\/span><\/a><\/p>\n","protected":false},"author":1,"featured_media":0,"parent":1942,"menu_order":0,"comment_status":"open","ping_status":"open","template":"","meta":{"_monsterinsights_skip_tracking":false,"_monsterinsights_sitenote_active":false,"_monsterinsights_sitenote_note":"","_monsterinsights_sitenote_category":0,"footnotes":""},"class_list":["post-4009","page","type-page","status-publish","hentry"],"_links":{"self":[{"href":"http:\/\/lorinoko.com\/index.php?rest_route=\/wp\/v2\/pages\/4009","targetHints":{"allow":["GET"]}}],"collection":[{"href":"http:\/\/lorinoko.com\/index.php?rest_route=\/wp\/v2\/pages"}],"about":[{"href":"http:\/\/lorinoko.com\/index.php?rest_route=\/wp\/v2\/types\/page"}],"author":[{"embeddable":true,"href":"http:\/\/lorinoko.com\/index.php?rest_route=\/wp\/v2\/users\/1"}],"replies":[{"embeddable":true,"href":"http:\/\/lorinoko.com\/index.php?rest_route=%2Fwp%2Fv2%2Fcomments&post=4009"}],"version-history":[{"count":2,"href":"http:\/\/lorinoko.com\/index.php?rest_route=\/wp\/v2\/pages\/4009\/revisions"}],"predecessor-version":[{"id":4011,"href":"http:\/\/lorinoko.com\/index.php?rest_route=\/wp\/v2\/pages\/4009\/revisions\/4011"}],"up":[{"embeddable":true,"href":"http:\/\/lorinoko.com\/index.php?rest_route=\/wp\/v2\/pages\/1942"}],"wp:attachment":[{"href":"http:\/\/lorinoko.com\/index.php?rest_route=%2Fwp%2Fv2%2Fmedia&parent=4009"}],"curies":[{"name":"wp","href":"https:\/\/api.w.org\/{rel}","templated":true}]}}