{"id":3991,"date":"2015-01-26T16:28:21","date_gmt":"2015-01-26T15:28:21","guid":{"rendered":"http:\/\/lorinoko.com\/?page_id=3991"},"modified":"2015-01-26T16:28:21","modified_gmt":"2015-01-26T15:28:21","slug":"oldschool-classic-headband-3","status":"publish","type":"page","link":"http:\/\/lorinoko.com\/?page_id=3991","title":{"rendered":"Oldschool Classic Headband 3"},"content":{"rendered":"<p style=\"text-align: justify;\">S\u00e9ria ma\u0161l\u00ed v klasickom preveden\u00ed v kombin\u00e1cii \u010diernej a bielej. Na zdobenie je s\u00fa pou\u017eit\u00e9 roznorod\u00e9 \u010dipky a stu\u017eky, z materi\u00e1lov preva\u017euje bavlna, ktor\u00ed je pr\u00edjemn\u00e1 na dotyk. Tretia ma\u0161\u013ea m\u00e1 okraje zdoben\u00e9 bielou madeirou. Vrchn\u00e1 ma\u0161\u013ea je ozdoben\u00e1 retiazkou a kovovou ozdobou v striebornej farbe.<\/p>\n<div class=\"slideshow\"><div id=\"ngg_slideshow19139911\" class=\"ngg-slideshow owl-carousel\" style=\"max-width: 600px; max-height: 400px;\"><img decoding=\"async\" src=\"http:\/\/lorinoko.com\/wp-content\/gallery\/oldschool-classic-headband-3\/001_p1030309.jpg\" alt=\"001_p1030309\" style=\"max-width: 600px; max-height: 400px; width: auto; height:auto; margin:auto\"><img decoding=\"async\" src=\"http:\/\/lorinoko.com\/wp-content\/gallery\/oldschool-classic-headband-3\/002_p1030306.jpg\" alt=\"002_p1030306\" style=\"max-width: 600px; max-height: 400px; width: auto; height:auto; margin:auto\"><img decoding=\"async\" src=\"http:\/\/lorinoko.com\/wp-content\/gallery\/oldschool-classic-headband-3\/003_p1030311.jpg\" alt=\"003_p1030311\" style=\"max-width: 600px; max-height: 400px; width: auto; height:auto; margin:auto\"><img decoding=\"async\" src=\"http:\/\/lorinoko.com\/wp-content\/gallery\/oldschool-classic-headband-3\/004_p1030313.jpg\" alt=\"004_p1030313\" style=\"max-width: 600px; max-height: 400px; width: auto; height:auto; margin:auto\"><img decoding=\"async\" src=\"http:\/\/lorinoko.com\/wp-content\/gallery\/oldschool-classic-headband-3\/005_p1030312.jpg\" alt=\"005_p1030312\" style=\"max-width: 600px; max-height: 400px; width: auto; height:auto; margin:auto\"><img decoding=\"async\" src=\"http:\/\/lorinoko.com\/wp-content\/gallery\/oldschool-classic-headband-3\/006_p1030314.jpg\" alt=\"006_p1030314\" style=\"max-width: 600px; max-height: 400px; width: auto; height:auto; margin:auto\"><img decoding=\"async\" src=\"http:\/\/lorinoko.com\/wp-content\/gallery\/oldschool-classic-headband-3\/007_p1030316.jpg\" alt=\"007_p1030316\" style=\"max-width: 600px; max-height: 400px; width: auto; height:auto; margin:auto\"><\/div><\/div>\n\n<script type=\"text\/javascript\">jQuery(document).ready(function($) {\r\n\t\t\tvar owl = $('#ngg_slideshow19139911');\r\n\t\t\towl.owlCarousel({\r\n\t\t\t\titems: 1,\r\n\t\t\t\tautoHeight: false,\r\n\t            dots: false,\r\n\t            autoplay: true,\r\n\t\t\t\tautoplayTimeout: 4000,\r\n\t\t\t\tautoplayHoverPause: true,\r\n\t\t\t\tanimateIn: 'fadeIn',\r\n\t\t\t\tanimateOut: 'fadeOut',\r\n\t\t\t\tloop: true,\r\n\t\t\t\tmouseDrag: true,\r\n\t\t\t\ttouchDrag: true\r\n\t\t\t});\nowl.click( function () {\r\n                    owl.trigger( 'next.owl.carousel' );\r\n                } );});\n<\/script>\n","protected":false},"excerpt":{"rendered":"<p>S\u00e9ria ma\u0161l\u00ed v klasickom preveden\u00ed v kombin\u00e1cii \u010diernej a bielej. Na zdobenie je s\u00fa pou\u017eit\u00e9 roznorod\u00e9 \u010dipky a stu\u017eky, z materi\u00e1lov preva\u017euje bavlna, ktor\u00ed je pr\u00edjemn\u00e1 na dotyk. Tretia ma\u0161\u013ea m\u00e1 okraje zdoben\u00e9 bielou madeirou. Vrchn\u00e1 ma\u0161\u013ea je ozdoben\u00e1 retiazkou &hellip; <a href=\"http:\/\/lorinoko.com\/?page_id=3991\">Continue reading <span class=\"meta-nav\">&rarr;<\/span><\/a><\/p>\n","protected":false},"author":1,"featured_media":0,"parent":1942,"menu_order":0,"comment_status":"open","ping_status":"open","template":"","meta":{"_monsterinsights_skip_tracking":false,"_monsterinsights_sitenote_active":false,"_monsterinsights_sitenote_note":"","_monsterinsights_sitenote_category":0,"footnotes":""},"class_list":["post-3991","page","type-page","status-publish","hentry"],"_links":{"self":[{"href":"http:\/\/lorinoko.com\/index.php?rest_route=\/wp\/v2\/pages\/3991","targetHints":{"allow":["GET"]}}],"collection":[{"href":"http:\/\/lorinoko.com\/index.php?rest_route=\/wp\/v2\/pages"}],"about":[{"href":"http:\/\/lorinoko.com\/index.php?rest_route=\/wp\/v2\/types\/page"}],"author":[{"embeddable":true,"href":"http:\/\/lorinoko.com\/index.php?rest_route=\/wp\/v2\/users\/1"}],"replies":[{"embeddable":true,"href":"http:\/\/lorinoko.com\/index.php?rest_route=%2Fwp%2Fv2%2Fcomments&post=3991"}],"version-history":[{"count":2,"href":"http:\/\/lorinoko.com\/index.php?rest_route=\/wp\/v2\/pages\/3991\/revisions"}],"predecessor-version":[{"id":3993,"href":"http:\/\/lorinoko.com\/index.php?rest_route=\/wp\/v2\/pages\/3991\/revisions\/3993"}],"up":[{"embeddable":true,"href":"http:\/\/lorinoko.com\/index.php?rest_route=\/wp\/v2\/pages\/1942"}],"wp:attachment":[{"href":"http:\/\/lorinoko.com\/index.php?rest_route=%2Fwp%2Fv2%2Fmedia&parent=3991"}],"curies":[{"name":"wp","href":"https:\/\/api.w.org\/{rel}","templated":true}]}}