{"id":350,"date":"2012-03-25T21:21:15","date_gmt":"2012-03-25T20:21:15","guid":{"rendered":"http:\/\/intarbutt.info\/lorinoko\/?page_id=350"},"modified":"2014-05-21T18:38:26","modified_gmt":"2014-05-21T17:38:26","slug":"ice-pink-headdress","status":"publish","type":"page","link":"http:\/\/lorinoko.com\/?page_id=350","title":{"rendered":"Pink Ice Headdress"},"content":{"rendered":"<p style=\"text-align: justify;\">Snehovo biely headdress s ru\u017eovou \u010dipkou a stu\u017ekami, skr\u00e1\u0161len\u00fd drobn\u00fdmi aplik\u00e1ciami a kvetinov\u00fdmi ozdobami po stran\u00e1ch. Lolita ur\u010dite ocen\u00ed aj in\u00fd poh\u013ead na ustupuj\u00facu zimu v jemnej, ru\u017eovo p\u00f4sobiacej kombin\u00e1cii. Kvety dod\u00e1vaj\u00fa n\u00e1dych svie\u017eosti, jari a nevinnosti, preto \u013eadov\u00e1 biela ustupuje jemne ru\u017eovej, ako ke\u010f k n\u00e1m prich\u00e1dza jar a biele sne\u017eienky predznamen\u00e1vaj\u00fa rozkvitnut\u00e9 l\u00faky. K ru\u017eovo-bielym kombin\u00e1ci\u00e1m oble\u010denia sa ako doplnok do vlasov ur\u010dite hod\u00ed, nech preferujete ak\u00fdko\u013evek \u0161t\u00fdl.<br \/>\n<strong>Materi\u00e1l:<\/strong>\u00a0z\u00e1klad bavlna, sat\u00e9nov\u00e9 stuhy, \u010dipka bavlna a polyester, aplik\u00e1cie a ozdoby z r\u00f4znych materi\u00e1lov<br \/>\n<strong>Rozmery:<\/strong> 21 cm x 8 cm po okraje \u010dipiek, d\u013a\u017eka stu\u017eiek na viazanie 60 cm<\/p>\n<div class=\"slideshow\"><div id=\"ngg_slideshow33501\" class=\"ngg-slideshow owl-carousel\" style=\"max-width: 600px; max-height: 400px;\"><img decoding=\"async\" src=\"http:\/\/lorinoko.com\/wp-content\/gallery\/pink-ice-headdress\/001_dscn1501_2.jpg\" alt=\"001_dscn1501_2\" style=\"max-width: 600px; max-height: 400px; width: auto; height:auto; margin:auto\"><img decoding=\"async\" src=\"http:\/\/lorinoko.com\/wp-content\/gallery\/pink-ice-headdress\/002_dscn1575_2.jpg\" alt=\"002_dscn1575_2\" style=\"max-width: 600px; max-height: 400px; width: auto; height:auto; margin:auto\"><img decoding=\"async\" src=\"http:\/\/lorinoko.com\/wp-content\/gallery\/pink-ice-headdress\/003_dscn1505_2.jpg\" alt=\"003_dscn1505_2\" style=\"max-width: 600px; max-height: 400px; width: auto; height:auto; margin:auto\"><img decoding=\"async\" src=\"http:\/\/lorinoko.com\/wp-content\/gallery\/pink-ice-headdress\/004_dscn1578_2.jpg\" alt=\"004_dscn1578_2\" style=\"max-width: 600px; max-height: 400px; width: auto; height:auto; margin:auto\"><img decoding=\"async\" src=\"http:\/\/lorinoko.com\/wp-content\/gallery\/pink-ice-headdress\/005_dscn1507_2.jpg\" alt=\"005_dscn1507_2\" style=\"max-width: 600px; max-height: 400px; width: auto; height:auto; margin:auto\"><img decoding=\"async\" src=\"http:\/\/lorinoko.com\/wp-content\/gallery\/pink-ice-headdress\/006_dscn1535_2.jpg\" alt=\"006_dscn1535_2\" style=\"max-width: 600px; max-height: 400px; width: auto; height:auto; margin:auto\"><img decoding=\"async\" src=\"http:\/\/lorinoko.com\/wp-content\/gallery\/pink-ice-headdress\/007_dscn1503_2.jpg\" alt=\"007_dscn1503_2\" style=\"max-width: 600px; max-height: 400px; width: auto; height:auto; margin:auto\"><\/div><\/div>\n\n<script type=\"text\/javascript\">jQuery(document).ready(function($) {\r\n\t\t\tvar owl = $('#ngg_slideshow33501');\r\n\t\t\towl.owlCarousel({\r\n\t\t\t\titems: 1,\r\n\t\t\t\tautoHeight: false,\r\n\t            dots: false,\r\n\t            autoplay: true,\r\n\t\t\t\tautoplayTimeout: 4000,\r\n\t\t\t\tautoplayHoverPause: true,\r\n\t\t\t\tanimateIn: 'fadeIn',\r\n\t\t\t\tanimateOut: 'fadeOut',\r\n\t\t\t\tloop: true,\r\n\t\t\t\tmouseDrag: true,\r\n\t\t\t\ttouchDrag: true\r\n\t\t\t});\nowl.click( function () {\r\n                    owl.trigger( 'next.owl.carousel' );\r\n                } );});\n<\/script>\n","protected":false},"excerpt":{"rendered":"<p>Snehovo biely headdress s ru\u017eovou \u010dipkou a stu\u017ekami, skr\u00e1\u0161len\u00fd drobn\u00fdmi aplik\u00e1ciami a kvetinov\u00fdmi ozdobami po stran\u00e1ch. Lolita ur\u010dite ocen\u00ed aj in\u00fd poh\u013ead na ustupuj\u00facu zimu v jemnej, ru\u017eovo p\u00f4sobiacej kombin\u00e1cii. Kvety dod\u00e1vaj\u00fa n\u00e1dych svie\u017eosti, jari a nevinnosti, preto \u013eadov\u00e1 biela &hellip; <a href=\"http:\/\/lorinoko.com\/?page_id=350\">Continue reading <span class=\"meta-nav\">&rarr;<\/span><\/a><\/p>\n","protected":false},"author":1,"featured_media":0,"parent":1939,"menu_order":0,"comment_status":"open","ping_status":"closed","template":"","meta":{"_monsterinsights_skip_tracking":false,"_monsterinsights_sitenote_active":false,"_monsterinsights_sitenote_note":"","_monsterinsights_sitenote_category":0,"footnotes":""},"class_list":["post-350","page","type-page","status-publish","hentry"],"_links":{"self":[{"href":"http:\/\/lorinoko.com\/index.php?rest_route=\/wp\/v2\/pages\/350","targetHints":{"allow":["GET"]}}],"collection":[{"href":"http:\/\/lorinoko.com\/index.php?rest_route=\/wp\/v2\/pages"}],"about":[{"href":"http:\/\/lorinoko.com\/index.php?rest_route=\/wp\/v2\/types\/page"}],"author":[{"embeddable":true,"href":"http:\/\/lorinoko.com\/index.php?rest_route=\/wp\/v2\/users\/1"}],"replies":[{"embeddable":true,"href":"http:\/\/lorinoko.com\/index.php?rest_route=%2Fwp%2Fv2%2Fcomments&post=350"}],"version-history":[{"count":16,"href":"http:\/\/lorinoko.com\/index.php?rest_route=\/wp\/v2\/pages\/350\/revisions"}],"predecessor-version":[{"id":3433,"href":"http:\/\/lorinoko.com\/index.php?rest_route=\/wp\/v2\/pages\/350\/revisions\/3433"}],"up":[{"embeddable":true,"href":"http:\/\/lorinoko.com\/index.php?rest_route=\/wp\/v2\/pages\/1939"}],"wp:attachment":[{"href":"http:\/\/lorinoko.com\/index.php?rest_route=%2Fwp%2Fv2%2Fmedia&parent=350"}],"curies":[{"name":"wp","href":"https:\/\/api.w.org\/{rel}","templated":true}]}}