{"id":313,"date":"2012-03-04T12:59:10","date_gmt":"2012-03-04T11:59:10","guid":{"rendered":"http:\/\/intarbutt.info\/lorinoko\/?page_id=313"},"modified":"2014-05-21T17:19:35","modified_gmt":"2014-05-21T16:19:35","slug":"classic-sweet-flowers","status":"publish","type":"page","link":"http:\/\/lorinoko.com\/?page_id=313","title":{"rendered":"Classic Sweet Flowers"},"content":{"rendered":"<p style=\"text-align: justify;\">Klasick\u00e1 lolita suk\u0148a s p\u00e1sikov\u00fdm kvetinov\u00fdm vzorom v jemn\u00fdch odtie\u0148och kr\u00e9movej a ru\u017eovej. V dolnom kraji zdoben\u00e1 stu\u017ekou, \u0161irokou \u010dipkou, trojit\u00fdmi z\u00e1hybmi a spodn\u00fdm vol\u00e1nikom. P\u00e1s je vy\u0161\u0161\u00ed ako obvykle a je prisp\u00f4soben\u00fd na viazanie na stu\u017eku. Viazanie si je mo\u017en\u00e9 prisp\u00f4sobi\u0165 ako vpredu tak aj na zadnej \u010dasti p\u00e1su a tak je mo\u017en\u00e9 hustotu zvisl\u00e9ho sp\u00e1du materi\u00e1lu prisp\u00f4sobi\u0165 pod\u013ea vlastnej \u013eubov\u00f4le. Mosadzn\u00e9 kr\u00fa\u017eky spev\u0148uj\u00fa otvory na viazanie a z\u00e1rove\u0148 p\u00e1sov\u00fa \u010das\u0165 sukne pekne zdobia.<br \/>\n<strong>Materi\u00e1l:\u00a0<\/strong>100% bavlna, sat\u00e9nov\u00e9 stu\u017eky, \u010dipka z umel\u00e9ho hodv\u00e1bu, mosadzn\u00e9 kr\u00fa\u017eky<br \/>\n<strong> Obvod p<strong>\u00e1su: <\/strong><\/strong>60-110 cm<br \/>\n<strong>D\u013a\u017eka sukne: <\/strong>47 cm<\/p>\n<p style=\"text-align: justify;\"><div class=\"slideshow\"><div id=\"ngg_slideshow313131\" class=\"ngg-slideshow owl-carousel\" style=\"max-width: 600px; max-height: 400px;\"><img decoding=\"async\" src=\"http:\/\/lorinoko.com\/wp-content\/gallery\/classic-sweet-flowers\/001_dscn1431_3.jpg\" alt=\"001_dscn1431_3\" style=\"max-width: 600px; max-height: 400px; width: auto; height:auto; margin:auto\"><img decoding=\"async\" src=\"http:\/\/lorinoko.com\/wp-content\/gallery\/classic-sweet-flowers\/002_dscn1411_3.jpg\" alt=\"002_dscn1411_3\" style=\"max-width: 600px; max-height: 400px; width: auto; height:auto; margin:auto\"><img decoding=\"async\" src=\"http:\/\/lorinoko.com\/wp-content\/gallery\/classic-sweet-flowers\/003_dscn2034_3.jpg\" alt=\"003_dscn2034_3\" style=\"max-width: 600px; max-height: 400px; width: auto; height:auto; margin:auto\"><img decoding=\"async\" src=\"http:\/\/lorinoko.com\/wp-content\/gallery\/classic-sweet-flowers\/004_dscn1434_3.jpg\" alt=\"004_dscn1434_3\" style=\"max-width: 600px; max-height: 400px; width: auto; height:auto; margin:auto\"><img decoding=\"async\" src=\"http:\/\/lorinoko.com\/wp-content\/gallery\/classic-sweet-flowers\/005_dscn2061_3.jpg\" alt=\"005_dscn2061_3\" style=\"max-width: 600px; max-height: 400px; width: auto; height:auto; margin:auto\"><img decoding=\"async\" src=\"http:\/\/lorinoko.com\/wp-content\/gallery\/classic-sweet-flowers\/006_dscn1424_3.jpg\" alt=\"006_dscn1424_3\" style=\"max-width: 600px; max-height: 400px; width: auto; height:auto; margin:auto\"><img decoding=\"async\" src=\"http:\/\/lorinoko.com\/wp-content\/gallery\/classic-sweet-flowers\/007_dscn1938_3.jpg\" alt=\"007_dscn1938_3\" style=\"max-width: 600px; max-height: 400px; width: auto; height:auto; margin:auto\"><img decoding=\"async\" src=\"http:\/\/lorinoko.com\/wp-content\/gallery\/classic-sweet-flowers\/008_dscn2058_3.jpg\" alt=\"008_dscn2058_3\" style=\"max-width: 600px; max-height: 400px; width: auto; height:auto; margin:auto\"><img decoding=\"async\" src=\"http:\/\/lorinoko.com\/wp-content\/gallery\/classic-sweet-flowers\/009_dscn2142_4.jpg\" alt=\"009_dscn2142_4\" style=\"max-width: 600px; max-height: 400px; width: auto; height:auto; margin:auto\"><\/div><\/div>\n\n<script type=\"text\/javascript\">jQuery(document).ready(function($) {\r\n\t\t\tvar owl = $('#ngg_slideshow313131');\r\n\t\t\towl.owlCarousel({\r\n\t\t\t\titems: 1,\r\n\t\t\t\tautoHeight: false,\r\n\t            dots: false,\r\n\t            autoplay: true,\r\n\t\t\t\tautoplayTimeout: 4000,\r\n\t\t\t\tautoplayHoverPause: true,\r\n\t\t\t\tanimateIn: 'fadeIn',\r\n\t\t\t\tanimateOut: 'fadeOut',\r\n\t\t\t\tloop: true,\r\n\t\t\t\tmouseDrag: true,\r\n\t\t\t\ttouchDrag: true\r\n\t\t\t});\nowl.click( function () {\r\n                    owl.trigger( 'next.owl.carousel' );\r\n                } );});\n<\/script><\/p>\n","protected":false},"excerpt":{"rendered":"<p>Klasick\u00e1 lolita suk\u0148a s p\u00e1sikov\u00fdm kvetinov\u00fdm vzorom v jemn\u00fdch odtie\u0148och kr\u00e9movej a ru\u017eovej. V dolnom kraji zdoben\u00e1 stu\u017ekou, \u0161irokou \u010dipkou, trojit\u00fdmi z\u00e1hybmi a spodn\u00fdm vol\u00e1nikom. P\u00e1s je vy\u0161\u0161\u00ed ako obvykle a je prisp\u00f4soben\u00fd na viazanie na stu\u017eku. Viazanie si je &hellip; <a href=\"http:\/\/lorinoko.com\/?page_id=313\">Continue reading <span class=\"meta-nav\">&rarr;<\/span><\/a><\/p>\n","protected":false},"author":1,"featured_media":0,"parent":78,"menu_order":0,"comment_status":"open","ping_status":"closed","template":"","meta":{"_monsterinsights_skip_tracking":false,"_monsterinsights_sitenote_active":false,"_monsterinsights_sitenote_note":"","_monsterinsights_sitenote_category":0,"footnotes":""},"class_list":["post-313","page","type-page","status-publish","hentry"],"_links":{"self":[{"href":"http:\/\/lorinoko.com\/index.php?rest_route=\/wp\/v2\/pages\/313","targetHints":{"allow":["GET"]}}],"collection":[{"href":"http:\/\/lorinoko.com\/index.php?rest_route=\/wp\/v2\/pages"}],"about":[{"href":"http:\/\/lorinoko.com\/index.php?rest_route=\/wp\/v2\/types\/page"}],"author":[{"embeddable":true,"href":"http:\/\/lorinoko.com\/index.php?rest_route=\/wp\/v2\/users\/1"}],"replies":[{"embeddable":true,"href":"http:\/\/lorinoko.com\/index.php?rest_route=%2Fwp%2Fv2%2Fcomments&post=313"}],"version-history":[{"count":12,"href":"http:\/\/lorinoko.com\/index.php?rest_route=\/wp\/v2\/pages\/313\/revisions"}],"predecessor-version":[{"id":3401,"href":"http:\/\/lorinoko.com\/index.php?rest_route=\/wp\/v2\/pages\/313\/revisions\/3401"}],"up":[{"embeddable":true,"href":"http:\/\/lorinoko.com\/index.php?rest_route=\/wp\/v2\/pages\/78"}],"wp:attachment":[{"href":"http:\/\/lorinoko.com\/index.php?rest_route=%2Fwp%2Fv2%2Fmedia&parent=313"}],"curies":[{"name":"wp","href":"https:\/\/api.w.org\/{rel}","templated":true}]}}