{"id":2037,"date":"2014-02-14T00:41:29","date_gmt":"2014-02-13T23:41:29","guid":{"rendered":"http:\/\/lorinoko.com\/?page_id=2037"},"modified":"2014-05-21T19:41:21","modified_gmt":"2014-05-21T18:41:21","slug":"kimono-dress-set","status":"publish","type":"page","link":"http:\/\/lorinoko.com\/?page_id=2037","title":{"rendered":"Kimono Dress Set"},"content":{"rendered":"<p style=\"text-align: justify;\">Kombin\u00e1cia \u0161iat pozost\u00e1vaj\u00facich z vrchnej\u00a0pred\u013a\u017eenej kimonovej \u010dasti s brok\u00e1tov\u00fdm golierov\u00fdm lemom, dlhou spodnou \u010dervenou suk\u0148ou a brok\u00e1tov\u00fdm p\u00e1som usp\u00f4soben\u00fdm na viazanie \u0161n\u00farkou. \u0160peci\u00e1lna objedn\u00e1vka pre Yuyu.<\/p>\n<div class=\"slideshow\"><div id=\"ngg_slideshow6220371\" class=\"ngg-slideshow owl-carousel\" style=\"max-width: 600px; max-height: 400px;\"><img decoding=\"async\" src=\"http:\/\/lorinoko.com\/wp-content\/gallery\/kimono-dress-set-special\/005_dscn8990.jpg\" alt=\"005_dscn8990\" style=\"max-width: 600px; max-height: 400px; width: auto; height:auto; margin:auto\"><img decoding=\"async\" src=\"http:\/\/lorinoko.com\/wp-content\/gallery\/kimono-dress-set-special\/006_dscn8999.jpg\" alt=\"006_dscn8999\" style=\"max-width: 600px; max-height: 400px; width: auto; height:auto; margin:auto\"><img decoding=\"async\" src=\"http:\/\/lorinoko.com\/wp-content\/gallery\/kimono-dress-set-special\/001_dscn7506.jpg\" alt=\"001_dscn7506\" style=\"max-width: 600px; max-height: 400px; width: auto; height:auto; margin:auto\"><img decoding=\"async\" src=\"http:\/\/lorinoko.com\/wp-content\/gallery\/kimono-dress-set-special\/002_dscn7511.jpg\" alt=\"002_dscn7511\" style=\"max-width: 600px; max-height: 400px; width: auto; height:auto; margin:auto\"><img decoding=\"async\" src=\"http:\/\/lorinoko.com\/wp-content\/gallery\/kimono-dress-set-special\/003_dscn7685.jpg\" alt=\"003_dscn7685\" style=\"max-width: 600px; max-height: 400px; width: auto; height:auto; margin:auto\"><img decoding=\"async\" src=\"http:\/\/lorinoko.com\/wp-content\/gallery\/kimono-dress-set-special\/004_dscn7694.jpg\" alt=\"004_dscn7694\" style=\"max-width: 600px; max-height: 400px; width: auto; height:auto; margin:auto\"><\/div><\/div>\n\n<script type=\"text\/javascript\">jQuery(document).ready(function($) {\r\n\t\t\tvar owl = $('#ngg_slideshow6220371');\r\n\t\t\towl.owlCarousel({\r\n\t\t\t\titems: 1,\r\n\t\t\t\tautoHeight: false,\r\n\t            dots: false,\r\n\t            autoplay: true,\r\n\t\t\t\tautoplayTimeout: 4000,\r\n\t\t\t\tautoplayHoverPause: true,\r\n\t\t\t\tanimateIn: 'fadeIn',\r\n\t\t\t\tanimateOut: 'fadeOut',\r\n\t\t\t\tloop: true,\r\n\t\t\t\tmouseDrag: true,\r\n\t\t\t\ttouchDrag: true\r\n\t\t\t});\nowl.click( function () {\r\n                    owl.trigger( 'next.owl.carousel' );\r\n                } );});\n<\/script>\n","protected":false},"excerpt":{"rendered":"<p>Kombin\u00e1cia \u0161iat pozost\u00e1vaj\u00facich z vrchnej\u00a0pred\u013a\u017eenej kimonovej \u010dasti s brok\u00e1tov\u00fdm golierov\u00fdm lemom, dlhou spodnou \u010dervenou suk\u0148ou a brok\u00e1tov\u00fdm p\u00e1som usp\u00f4soben\u00fdm na viazanie \u0161n\u00farkou. \u0160peci\u00e1lna objedn\u00e1vka pre Yuyu.<\/p>\n","protected":false},"author":1,"featured_media":0,"parent":226,"menu_order":0,"comment_status":"open","ping_status":"closed","template":"","meta":{"_monsterinsights_skip_tracking":false,"_monsterinsights_sitenote_active":false,"_monsterinsights_sitenote_note":"","_monsterinsights_sitenote_category":0,"footnotes":""},"class_list":["post-2037","page","type-page","status-publish","hentry"],"_links":{"self":[{"href":"http:\/\/lorinoko.com\/index.php?rest_route=\/wp\/v2\/pages\/2037","targetHints":{"allow":["GET"]}}],"collection":[{"href":"http:\/\/lorinoko.com\/index.php?rest_route=\/wp\/v2\/pages"}],"about":[{"href":"http:\/\/lorinoko.com\/index.php?rest_route=\/wp\/v2\/types\/page"}],"author":[{"embeddable":true,"href":"http:\/\/lorinoko.com\/index.php?rest_route=\/wp\/v2\/users\/1"}],"replies":[{"embeddable":true,"href":"http:\/\/lorinoko.com\/index.php?rest_route=%2Fwp%2Fv2%2Fcomments&post=2037"}],"version-history":[{"count":6,"href":"http:\/\/lorinoko.com\/index.php?rest_route=\/wp\/v2\/pages\/2037\/revisions"}],"predecessor-version":[{"id":3472,"href":"http:\/\/lorinoko.com\/index.php?rest_route=\/wp\/v2\/pages\/2037\/revisions\/3472"}],"up":[{"embeddable":true,"href":"http:\/\/lorinoko.com\/index.php?rest_route=\/wp\/v2\/pages\/226"}],"wp:attachment":[{"href":"http:\/\/lorinoko.com\/index.php?rest_route=%2Fwp%2Fv2%2Fmedia&parent=2037"}],"curies":[{"name":"wp","href":"https:\/\/api.w.org\/{rel}","templated":true}]}}