{"id":2026,"date":"2014-02-14T00:37:19","date_gmt":"2014-02-13T23:37:19","guid":{"rendered":"http:\/\/lorinoko.com\/?page_id=2026"},"modified":"2016-04-01T11:13:46","modified_gmt":"2016-04-01T10:13:46","slug":"black-flower-choker","status":"publish","type":"page","link":"http:\/\/lorinoko.com\/?page_id=2026","title":{"rendered":"Black Flower Choker"},"content":{"rendered":"<p style=\"text-align: justify;\">\u010cierny obojok zhotoven\u00fd z jednoduchej \u010diernej sat\u00e9novej stu\u017eky a bavlnenej \u010dipky. Ozdoben\u00fd je ru\u010dne zhotovenou kvetinovou aplik\u00e1ciou.<\/p>\n<div class=\"slideshow\"><div id=\"ngg_slideshow5520261\" class=\"ngg-slideshow owl-carousel\" style=\"max-width: 600px; max-height: 400px;\"><img decoding=\"async\" src=\"http:\/\/lorinoko.com\/wp-content\/gallery\/black-flower-choker-special\/dscn5855.jpg\" alt=\"dscn5855\" style=\"max-width: 600px; max-height: 400px; width: auto; height:auto; margin:auto\"><img decoding=\"async\" src=\"http:\/\/lorinoko.com\/wp-content\/gallery\/black-flower-choker-special\/dscn5860.jpg\" alt=\"dscn5860\" style=\"max-width: 600px; max-height: 400px; width: auto; height:auto; margin:auto\"><img decoding=\"async\" src=\"http:\/\/lorinoko.com\/wp-content\/gallery\/black-flower-choker-special\/dscn5864.jpg\" alt=\"dscn5864\" style=\"max-width: 600px; max-height: 400px; width: auto; height:auto; margin:auto\"><img decoding=\"async\" src=\"http:\/\/lorinoko.com\/wp-content\/gallery\/black-flower-choker-special\/dscn5869.jpg\" alt=\"dscn5869\" style=\"max-width: 600px; max-height: 400px; width: auto; height:auto; margin:auto\"><img decoding=\"async\" src=\"http:\/\/lorinoko.com\/wp-content\/gallery\/black-flower-choker-special\/dscn5876.jpg\" alt=\"dscn5876\" style=\"max-width: 600px; max-height: 400px; width: auto; height:auto; margin:auto\"><img decoding=\"async\" src=\"http:\/\/lorinoko.com\/wp-content\/gallery\/black-flower-choker-special\/dscn5877.jpg\" alt=\"dscn5877\" style=\"max-width: 600px; max-height: 400px; width: auto; height:auto; margin:auto\"><img decoding=\"async\" src=\"http:\/\/lorinoko.com\/wp-content\/gallery\/black-flower-choker-special\/dscn5878.jpg\" alt=\"dscn5878\" style=\"max-width: 600px; max-height: 400px; width: auto; height:auto; margin:auto\"><\/div><\/div>\n\n<script type=\"text\/javascript\">jQuery(document).ready(function($) {\r\n\t\t\tvar owl = $('#ngg_slideshow5520261');\r\n\t\t\towl.owlCarousel({\r\n\t\t\t\titems: 1,\r\n\t\t\t\tautoHeight: false,\r\n\t            dots: false,\r\n\t            autoplay: true,\r\n\t\t\t\tautoplayTimeout: 4000,\r\n\t\t\t\tautoplayHoverPause: true,\r\n\t\t\t\tanimateIn: 'fadeIn',\r\n\t\t\t\tanimateOut: 'fadeOut',\r\n\t\t\t\tloop: true,\r\n\t\t\t\tmouseDrag: true,\r\n\t\t\t\ttouchDrag: true\r\n\t\t\t});\nowl.click( function () {\r\n                    owl.trigger( 'next.owl.carousel' );\r\n                } );});\n<\/script>\n","protected":false},"excerpt":{"rendered":"<p>\u010cierny obojok zhotoven\u00fd z jednoduchej \u010diernej sat\u00e9novej stu\u017eky a bavlnenej \u010dipky. Ozdoben\u00fd je ru\u010dne zhotovenou kvetinovou aplik\u00e1ciou.<\/p>\n","protected":false},"author":1,"featured_media":0,"parent":226,"menu_order":0,"comment_status":"open","ping_status":"closed","template":"","meta":{"_monsterinsights_skip_tracking":false,"_monsterinsights_sitenote_active":false,"_monsterinsights_sitenote_note":"","_monsterinsights_sitenote_category":0,"footnotes":""},"class_list":["post-2026","page","type-page","status-publish","hentry"],"_links":{"self":[{"href":"http:\/\/lorinoko.com\/index.php?rest_route=\/wp\/v2\/pages\/2026","targetHints":{"allow":["GET"]}}],"collection":[{"href":"http:\/\/lorinoko.com\/index.php?rest_route=\/wp\/v2\/pages"}],"about":[{"href":"http:\/\/lorinoko.com\/index.php?rest_route=\/wp\/v2\/types\/page"}],"author":[{"embeddable":true,"href":"http:\/\/lorinoko.com\/index.php?rest_route=\/wp\/v2\/users\/1"}],"replies":[{"embeddable":true,"href":"http:\/\/lorinoko.com\/index.php?rest_route=%2Fwp%2Fv2%2Fcomments&post=2026"}],"version-history":[{"count":7,"href":"http:\/\/lorinoko.com\/index.php?rest_route=\/wp\/v2\/pages\/2026\/revisions"}],"predecessor-version":[{"id":4348,"href":"http:\/\/lorinoko.com\/index.php?rest_route=\/wp\/v2\/pages\/2026\/revisions\/4348"}],"up":[{"embeddable":true,"href":"http:\/\/lorinoko.com\/index.php?rest_route=\/wp\/v2\/pages\/226"}],"wp:attachment":[{"href":"http:\/\/lorinoko.com\/index.php?rest_route=%2Fwp%2Fv2%2Fmedia&parent=2026"}],"curies":[{"name":"wp","href":"https:\/\/api.w.org\/{rel}","templated":true}]}}