{"id":175,"date":"2012-01-14T15:16:36","date_gmt":"2012-01-14T14:16:36","guid":{"rendered":"http:\/\/intarbutt.info\/lorinoko\/?page_id=175"},"modified":"2014-05-21T18:13:23","modified_gmt":"2014-05-21T17:13:23","slug":"elegant-black-headband","status":"publish","type":"page","link":"http:\/\/lorinoko.com\/?page_id=175","title":{"rendered":"Elegant Black Headband"},"content":{"rendered":"<p style=\"text-align: justify;\"><span style=\"color: #000000;\">\u010cierna \u010delenka s ma\u0161\u013eou, zdoben\u00e1 jemnou bavlnenou \u010dipkou a sat\u00e9novou stuhou. Z\u00e1kladn\u00e1 spodn\u00e1 vrstva je taktie\u017e tvoren\u00e1 \u0161irokou sat\u00e9novou stuhou do tvare ma\u0161le. Nie pr\u00edli\u0161 prehnan\u00e9 zdobenie vytv\u00e1ra dojem elegancie, hodiaci sa k gothic alebo klasickej lolite.<\/span> <span style=\"color: #000000;\"><strong>Materi\u00e1l:<\/strong> sat\u00e9nov\u00e1 stuha, \u010dipka bavlna, z\u00e1klad polyester, plastov\u00e1 \u010delenka (dvojit\u00fd rad hrebe\u0148ov\u00fdch v\u00fdstupkov)<\/span><\/p>\n<div class=\"slideshow\"><div id=\"ngg_slideshow61751\" class=\"ngg-slideshow owl-carousel\" style=\"max-width: 600px; max-height: 400px;\"><img decoding=\"async\" src=\"http:\/\/lorinoko.com\/wp-content\/gallery\/elegant-black-headband\/dscn0038_2.jpg\" alt=\"dscn0038_2\" style=\"max-width: 600px; max-height: 400px; width: auto; height:auto; margin:auto\"><img decoding=\"async\" src=\"http:\/\/lorinoko.com\/wp-content\/gallery\/elegant-black-headband\/dscn0040_2.jpg\" alt=\"dscn0040_2\" style=\"max-width: 600px; max-height: 400px; width: auto; height:auto; margin:auto\"><\/div><\/div>\n\n<script type=\"text\/javascript\">jQuery(document).ready(function($) {\r\n\t\t\tvar owl = $('#ngg_slideshow61751');\r\n\t\t\towl.owlCarousel({\r\n\t\t\t\titems: 1,\r\n\t\t\t\tautoHeight: false,\r\n\t            dots: false,\r\n\t            autoplay: true,\r\n\t\t\t\tautoplayTimeout: 4000,\r\n\t\t\t\tautoplayHoverPause: true,\r\n\t\t\t\tanimateIn: 'fadeIn',\r\n\t\t\t\tanimateOut: 'fadeOut',\r\n\t\t\t\tloop: true,\r\n\t\t\t\tmouseDrag: true,\r\n\t\t\t\ttouchDrag: true\r\n\t\t\t});\nowl.click( function () {\r\n                    owl.trigger( 'next.owl.carousel' );\r\n                } );});\n<\/script>\n","protected":false},"excerpt":{"rendered":"<p>\u010cierna \u010delenka s ma\u0161\u013eou, zdoben\u00e1 jemnou bavlnenou \u010dipkou a sat\u00e9novou stuhou. Z\u00e1kladn\u00e1 spodn\u00e1 vrstva je taktie\u017e tvoren\u00e1 \u0161irokou sat\u00e9novou stuhou do tvare ma\u0161le. Nie pr\u00edli\u0161 prehnan\u00e9 zdobenie vytv\u00e1ra dojem elegancie, hodiaci sa k gothic alebo klasickej lolite. Materi\u00e1l: sat\u00e9nov\u00e1 stuha, &hellip; <a href=\"http:\/\/lorinoko.com\/?page_id=175\">Continue reading <span class=\"meta-nav\">&rarr;<\/span><\/a><\/p>\n","protected":false},"author":1,"featured_media":0,"parent":1942,"menu_order":0,"comment_status":"open","ping_status":"closed","template":"","meta":{"_monsterinsights_skip_tracking":false,"_monsterinsights_sitenote_active":false,"_monsterinsights_sitenote_note":"","_monsterinsights_sitenote_category":0,"footnotes":""},"class_list":["post-175","page","type-page","status-publish","hentry"],"_links":{"self":[{"href":"http:\/\/lorinoko.com\/index.php?rest_route=\/wp\/v2\/pages\/175","targetHints":{"allow":["GET"]}}],"collection":[{"href":"http:\/\/lorinoko.com\/index.php?rest_route=\/wp\/v2\/pages"}],"about":[{"href":"http:\/\/lorinoko.com\/index.php?rest_route=\/wp\/v2\/types\/page"}],"author":[{"embeddable":true,"href":"http:\/\/lorinoko.com\/index.php?rest_route=\/wp\/v2\/users\/1"}],"replies":[{"embeddable":true,"href":"http:\/\/lorinoko.com\/index.php?rest_route=%2Fwp%2Fv2%2Fcomments&post=175"}],"version-history":[{"count":17,"href":"http:\/\/lorinoko.com\/index.php?rest_route=\/wp\/v2\/pages\/175\/revisions"}],"predecessor-version":[{"id":3414,"href":"http:\/\/lorinoko.com\/index.php?rest_route=\/wp\/v2\/pages\/175\/revisions\/3414"}],"up":[{"embeddable":true,"href":"http:\/\/lorinoko.com\/index.php?rest_route=\/wp\/v2\/pages\/1942"}],"wp:attachment":[{"href":"http:\/\/lorinoko.com\/index.php?rest_route=%2Fwp%2Fv2%2Fmedia&parent=175"}],"curies":[{"name":"wp","href":"https:\/\/api.w.org\/{rel}","templated":true}]}}