{"id":1712,"date":"2013-12-06T19:47:56","date_gmt":"2013-12-06T18:47:56","guid":{"rendered":"http:\/\/lorinoko.com\/?page_id=1712"},"modified":"2014-05-21T18:11:56","modified_gmt":"2014-05-21T17:11:56","slug":"blue-romancia-headband","status":"publish","type":"page","link":"http:\/\/lorinoko.com\/?page_id=1712","title":{"rendered":"Blue Romancia Headband"},"content":{"rendered":"<p style=\"text-align: justify;\">Jedna z dvoji\u010diek v nevinne p\u00f4sobiacej bielej kombin\u00e1cii s baby-blue belasou \u010dipkou, stu\u017ekami a kr\u00e1sne zdobenou modrobielou stuhou s kvetinkami. Lemovan\u00e1 je belaso-bielou bavlnenou madeirou.<\/p>\n<div class=\"slideshow\"><div id=\"ngg_slideshow2117121\" class=\"ngg-slideshow owl-carousel\" style=\"max-width: 600px; max-height: 400px;\"><img decoding=\"async\" src=\"http:\/\/lorinoko.com\/wp-content\/gallery\/blue-romancia-headband\/001_dscn1325.jpg\" alt=\"001_dscn1325\" style=\"max-width: 600px; max-height: 400px; width: auto; height:auto; margin:auto\"><img decoding=\"async\" src=\"http:\/\/lorinoko.com\/wp-content\/gallery\/blue-romancia-headband\/002_dscn1326.jpg\" alt=\"002_dscn1326\" style=\"max-width: 600px; max-height: 400px; width: auto; height:auto; margin:auto\"><img decoding=\"async\" src=\"http:\/\/lorinoko.com\/wp-content\/gallery\/blue-romancia-headband\/003_dscn1330.jpg\" alt=\"003_dscn1330\" style=\"max-width: 600px; max-height: 400px; width: auto; height:auto; margin:auto\"><img decoding=\"async\" src=\"http:\/\/lorinoko.com\/wp-content\/gallery\/blue-romancia-headband\/004_dscn1332.jpg\" alt=\"004_dscn1332\" style=\"max-width: 600px; max-height: 400px; width: auto; height:auto; margin:auto\"><img decoding=\"async\" src=\"http:\/\/lorinoko.com\/wp-content\/gallery\/blue-romancia-headband\/005_dscn1324.jpg\" alt=\"005_dscn1324\" style=\"max-width: 600px; max-height: 400px; width: auto; height:auto; margin:auto\"><\/div><\/div>\n\n<script type=\"text\/javascript\">jQuery(document).ready(function($) {\r\n\t\t\tvar owl = $('#ngg_slideshow2117121');\r\n\t\t\towl.owlCarousel({\r\n\t\t\t\titems: 1,\r\n\t\t\t\tautoHeight: false,\r\n\t            dots: false,\r\n\t            autoplay: true,\r\n\t\t\t\tautoplayTimeout: 4000,\r\n\t\t\t\tautoplayHoverPause: true,\r\n\t\t\t\tanimateIn: 'fadeIn',\r\n\t\t\t\tanimateOut: 'fadeOut',\r\n\t\t\t\tloop: true,\r\n\t\t\t\tmouseDrag: true,\r\n\t\t\t\ttouchDrag: true\r\n\t\t\t});\nowl.click( function () {\r\n                    owl.trigger( 'next.owl.carousel' );\r\n                } );});\n<\/script>\n","protected":false},"excerpt":{"rendered":"<p>Jedna z dvoji\u010diek v nevinne p\u00f4sobiacej bielej kombin\u00e1cii s baby-blue belasou \u010dipkou, stu\u017ekami a kr\u00e1sne zdobenou modrobielou stuhou s kvetinkami. Lemovan\u00e1 je belaso-bielou bavlnenou madeirou.<\/p>\n","protected":false},"author":1,"featured_media":0,"parent":1942,"menu_order":0,"comment_status":"open","ping_status":"closed","template":"","meta":{"_monsterinsights_skip_tracking":false,"_monsterinsights_sitenote_active":false,"_monsterinsights_sitenote_note":"","_monsterinsights_sitenote_category":0,"footnotes":""},"class_list":["post-1712","page","type-page","status-publish","hentry"],"_links":{"self":[{"href":"http:\/\/lorinoko.com\/index.php?rest_route=\/wp\/v2\/pages\/1712","targetHints":{"allow":["GET"]}}],"collection":[{"href":"http:\/\/lorinoko.com\/index.php?rest_route=\/wp\/v2\/pages"}],"about":[{"href":"http:\/\/lorinoko.com\/index.php?rest_route=\/wp\/v2\/types\/page"}],"author":[{"embeddable":true,"href":"http:\/\/lorinoko.com\/index.php?rest_route=\/wp\/v2\/users\/1"}],"replies":[{"embeddable":true,"href":"http:\/\/lorinoko.com\/index.php?rest_route=%2Fwp%2Fv2%2Fcomments&post=1712"}],"version-history":[{"count":6,"href":"http:\/\/lorinoko.com\/index.php?rest_route=\/wp\/v2\/pages\/1712\/revisions"}],"predecessor-version":[{"id":3412,"href":"http:\/\/lorinoko.com\/index.php?rest_route=\/wp\/v2\/pages\/1712\/revisions\/3412"}],"up":[{"embeddable":true,"href":"http:\/\/lorinoko.com\/index.php?rest_route=\/wp\/v2\/pages\/1942"}],"wp:attachment":[{"href":"http:\/\/lorinoko.com\/index.php?rest_route=%2Fwp%2Fv2%2Fmedia&parent=1712"}],"curies":[{"name":"wp","href":"https:\/\/api.w.org\/{rel}","templated":true}]}}