{"id":1688,"date":"2013-12-06T17:38:20","date_gmt":"2013-12-06T16:38:20","guid":{"rendered":"http:\/\/lorinoko.com\/?page_id=1688"},"modified":"2014-05-21T18:28:53","modified_gmt":"2014-05-21T17:28:53","slug":"white-flower-headband-ii","status":"publish","type":"page","link":"http:\/\/lorinoko.com\/?page_id=1688","title":{"rendered":"White Flower Headband II"},"content":{"rendered":"<p style=\"text-align: justify;\">Druh\u00e1 verzia bielej a kvetinami potla\u010denej bavlny, zdoben\u00edm tentokr\u00e1t laden\u00e1 do v\u00ednov\u00e9ho t\u00f3nu.<\/p>\n<div class=\"slideshow\"><div id=\"ngg_slideshow1916881\" class=\"ngg-slideshow owl-carousel\" style=\"max-width: 600px; max-height: 400px;\"><img decoding=\"async\" src=\"http:\/\/lorinoko.com\/wp-content\/gallery\/white-flower-headband-ii\/001_dscn1001.jpg\" alt=\"001_dscn1001\" style=\"max-width: 600px; max-height: 400px; width: auto; height:auto; margin:auto\"><img decoding=\"async\" src=\"http:\/\/lorinoko.com\/wp-content\/gallery\/white-flower-headband-ii\/002_dscn1031.jpg\" alt=\"002_dscn1031\" style=\"max-width: 600px; max-height: 400px; width: auto; height:auto; margin:auto\"><img decoding=\"async\" src=\"http:\/\/lorinoko.com\/wp-content\/gallery\/white-flower-headband-ii\/003_dscn1003.jpg\" alt=\"003_dscn1003\" style=\"max-width: 600px; max-height: 400px; width: auto; height:auto; margin:auto\"><img decoding=\"async\" src=\"http:\/\/lorinoko.com\/wp-content\/gallery\/white-flower-headband-ii\/004_dscn1005.jpg\" alt=\"004_dscn1005\" style=\"max-width: 600px; max-height: 400px; width: auto; height:auto; margin:auto\"><img decoding=\"async\" src=\"http:\/\/lorinoko.com\/wp-content\/gallery\/white-flower-headband-ii\/005_dscn1034.jpg\" alt=\"005_dscn1034\" style=\"max-width: 600px; max-height: 400px; width: auto; height:auto; margin:auto\"><\/div><\/div>\n\n<script type=\"text\/javascript\">jQuery(document).ready(function($) {\r\n\t\t\tvar owl = $('#ngg_slideshow1916881');\r\n\t\t\towl.owlCarousel({\r\n\t\t\t\titems: 1,\r\n\t\t\t\tautoHeight: false,\r\n\t            dots: false,\r\n\t            autoplay: true,\r\n\t\t\t\tautoplayTimeout: 4000,\r\n\t\t\t\tautoplayHoverPause: true,\r\n\t\t\t\tanimateIn: 'fadeIn',\r\n\t\t\t\tanimateOut: 'fadeOut',\r\n\t\t\t\tloop: true,\r\n\t\t\t\tmouseDrag: true,\r\n\t\t\t\ttouchDrag: true\r\n\t\t\t});\nowl.click( function () {\r\n                    owl.trigger( 'next.owl.carousel' );\r\n                } );});\n<\/script>\n","protected":false},"excerpt":{"rendered":"<p>Druh\u00e1 verzia bielej a kvetinami potla\u010denej bavlny, zdoben\u00edm tentokr\u00e1t laden\u00e1 do v\u00ednov\u00e9ho t\u00f3nu.<\/p>\n","protected":false},"author":1,"featured_media":0,"parent":1942,"menu_order":0,"comment_status":"open","ping_status":"closed","template":"","meta":{"_monsterinsights_skip_tracking":false,"_monsterinsights_sitenote_active":false,"_monsterinsights_sitenote_note":"","_monsterinsights_sitenote_category":0,"footnotes":""},"class_list":["post-1688","page","type-page","status-publish","hentry"],"_links":{"self":[{"href":"http:\/\/lorinoko.com\/index.php?rest_route=\/wp\/v2\/pages\/1688","targetHints":{"allow":["GET"]}}],"collection":[{"href":"http:\/\/lorinoko.com\/index.php?rest_route=\/wp\/v2\/pages"}],"about":[{"href":"http:\/\/lorinoko.com\/index.php?rest_route=\/wp\/v2\/types\/page"}],"author":[{"embeddable":true,"href":"http:\/\/lorinoko.com\/index.php?rest_route=\/wp\/v2\/users\/1"}],"replies":[{"embeddable":true,"href":"http:\/\/lorinoko.com\/index.php?rest_route=%2Fwp%2Fv2%2Fcomments&post=1688"}],"version-history":[{"count":6,"href":"http:\/\/lorinoko.com\/index.php?rest_route=\/wp\/v2\/pages\/1688\/revisions"}],"predecessor-version":[{"id":3429,"href":"http:\/\/lorinoko.com\/index.php?rest_route=\/wp\/v2\/pages\/1688\/revisions\/3429"}],"up":[{"embeddable":true,"href":"http:\/\/lorinoko.com\/index.php?rest_route=\/wp\/v2\/pages\/1942"}],"wp:attachment":[{"href":"http:\/\/lorinoko.com\/index.php?rest_route=%2Fwp%2Fv2%2Fmedia&parent=1688"}],"curies":[{"name":"wp","href":"https:\/\/api.w.org\/{rel}","templated":true}]}}