{"id":1390,"date":"2013-07-23T13:54:16","date_gmt":"2013-07-23T12:54:16","guid":{"rendered":"http:\/\/intarbutt.info\/lorinoko\/?page_id=1390"},"modified":"2014-05-21T19:02:20","modified_gmt":"2014-05-21T18:02:20","slug":"black-rose-collection-headdress","status":"publish","type":"page","link":"http:\/\/lorinoko.com\/?page_id=1390","title":{"rendered":"Black Rose Headdress"},"content":{"rendered":"<p style=\"text-align: justify;\">\u0160irok\u00fd headdress z kolekcie Black Rose v kompletne \u010diernom preveden\u00ed. Je zdoben\u00fd \u010diernou \u010dipkou a sat\u00e9nov\u00fdmi stu\u017ekami, rovnako aj dvomi ru\u010dne vyroben\u00fdmi aplik\u00e1ciami zo stu\u017eiek a kvetinov\u00fdch aplik\u00e1ci\u00ed.<\/p>\n<div class=\"slideshow\"><div id=\"ngg_slideshow4613901\" class=\"ngg-slideshow owl-carousel\" style=\"max-width: 600px; max-height: 400px;\"><img decoding=\"async\" src=\"http:\/\/lorinoko.com\/wp-content\/gallery\/black-rose-headdress-collection\/000_black-rose-logo_2.jpg\" alt=\"000_black-rose-logo_2\" style=\"max-width: 600px; max-height: 400px; width: auto; height:auto; margin:auto\"><img decoding=\"async\" src=\"http:\/\/lorinoko.com\/wp-content\/gallery\/black-rose-headdress-collection\/001_dscn1922_2.jpg\" alt=\"001_dscn1922_2\" style=\"max-width: 600px; max-height: 400px; width: auto; height:auto; margin:auto\"><img decoding=\"async\" src=\"http:\/\/lorinoko.com\/wp-content\/gallery\/black-rose-headdress-collection\/002_dscn2102_2.jpg\" alt=\"002_dscn2102_2\" style=\"max-width: 600px; max-height: 400px; width: auto; height:auto; margin:auto\"><img decoding=\"async\" src=\"http:\/\/lorinoko.com\/wp-content\/gallery\/black-rose-headdress-collection\/003_dscn1923_2.jpg\" alt=\"003_dscn1923_2\" style=\"max-width: 600px; max-height: 400px; width: auto; height:auto; margin:auto\"><img decoding=\"async\" src=\"http:\/\/lorinoko.com\/wp-content\/gallery\/black-rose-headdress-collection\/004_dscn1926_2.jpg\" alt=\"004_dscn1926_2\" style=\"max-width: 600px; max-height: 400px; width: auto; height:auto; margin:auto\"><img decoding=\"async\" src=\"http:\/\/lorinoko.com\/wp-content\/gallery\/black-rose-headdress-collection\/005_dscn2108_2.jpg\" alt=\"005_dscn2108_2\" style=\"max-width: 600px; max-height: 400px; width: auto; height:auto; margin:auto\"><\/div><\/div>\n\n<script type=\"text\/javascript\">jQuery(document).ready(function($) {\r\n\t\t\tvar owl = $('#ngg_slideshow4613901');\r\n\t\t\towl.owlCarousel({\r\n\t\t\t\titems: 1,\r\n\t\t\t\tautoHeight: false,\r\n\t            dots: false,\r\n\t            autoplay: true,\r\n\t\t\t\tautoplayTimeout: 4000,\r\n\t\t\t\tautoplayHoverPause: true,\r\n\t\t\t\tanimateIn: 'fadeIn',\r\n\t\t\t\tanimateOut: 'fadeOut',\r\n\t\t\t\tloop: true,\r\n\t\t\t\tmouseDrag: true,\r\n\t\t\t\ttouchDrag: true\r\n\t\t\t});\nowl.click( function () {\r\n                    owl.trigger( 'next.owl.carousel' );\r\n                } );});\n<\/script>\n","protected":false},"excerpt":{"rendered":"<p>\u0160irok\u00fd headdress z kolekcie Black Rose v kompletne \u010diernom preveden\u00ed. Je zdoben\u00fd \u010diernou \u010dipkou a sat\u00e9nov\u00fdmi stu\u017ekami, rovnako aj dvomi ru\u010dne vyroben\u00fdmi aplik\u00e1ciami zo stu\u017eiek a kvetinov\u00fdch aplik\u00e1ci\u00ed.<\/p>\n","protected":false},"author":1,"featured_media":0,"parent":1764,"menu_order":0,"comment_status":"open","ping_status":"closed","template":"","meta":{"_monsterinsights_skip_tracking":false,"_monsterinsights_sitenote_active":false,"_monsterinsights_sitenote_note":"","_monsterinsights_sitenote_category":0,"footnotes":""},"class_list":["post-1390","page","type-page","status-publish","hentry"],"_links":{"self":[{"href":"http:\/\/lorinoko.com\/index.php?rest_route=\/wp\/v2\/pages\/1390","targetHints":{"allow":["GET"]}}],"collection":[{"href":"http:\/\/lorinoko.com\/index.php?rest_route=\/wp\/v2\/pages"}],"about":[{"href":"http:\/\/lorinoko.com\/index.php?rest_route=\/wp\/v2\/types\/page"}],"author":[{"embeddable":true,"href":"http:\/\/lorinoko.com\/index.php?rest_route=\/wp\/v2\/users\/1"}],"replies":[{"embeddable":true,"href":"http:\/\/lorinoko.com\/index.php?rest_route=%2Fwp%2Fv2%2Fcomments&post=1390"}],"version-history":[{"count":9,"href":"http:\/\/lorinoko.com\/index.php?rest_route=\/wp\/v2\/pages\/1390\/revisions"}],"predecessor-version":[{"id":3451,"href":"http:\/\/lorinoko.com\/index.php?rest_route=\/wp\/v2\/pages\/1390\/revisions\/3451"}],"up":[{"embeddable":true,"href":"http:\/\/lorinoko.com\/index.php?rest_route=\/wp\/v2\/pages\/1764"}],"wp:attachment":[{"href":"http:\/\/lorinoko.com\/index.php?rest_route=%2Fwp%2Fv2%2Fmedia&parent=1390"}],"curies":[{"name":"wp","href":"https:\/\/api.w.org\/{rel}","templated":true}]}}